9*y + 7. Let x(q) = 5*q**3 + 7*q**2 + 4*q - 3. Let u(f) = -9*x(f) - 4*z(f). Let i be (-24)/10 + 10/25. What is u(i)?
-5
Let x(t) = -t**2 + 7*t + 12. Let z be x(9). Let k(n) = -n**2 - 4*n. Determine k(z).
-12
Let n(s) = -10 - 13*s + 7 + 4. What is n(-1)?
14
Let s(o) = o + 3. Let h be s(-8). Let f(l) = l**3 + 5*l**2 - 4*l - 6. What is f(h)?
14
Let u(o) be the third derivative of o**4/24 + 2*o**3/3 + 2*o**2. Let a(c) = -c**3 - 5*c**2 + 7*c + 2. Let y be a(-6). Determine u(y).
0
Let l be 1/(2/(-10) - 0). Let m(j) = 2*j + 6. Calculate m(l).
-4
Let z = -24 - -26. Suppose 2 = z*n - 2. Let h(t) = -t - 2. Calculate h(n).
-4
Let v(r) = 2*r**2 - 1. Let o(y) = 2*y - 3. Let u be o(2). Determine v(u).
1
Let z(f) be the second derivative of f**3/2 - f**2/2 + f. Let k be (-4)/(16/(-6))*34/51. Calculate z(k).
2
Let h(x) be the second derivative of -3*x**5/10 + x**4/12 - x**3/3 + x**2/2 + x. What is h(1)?
-6
Let j(l) be the first derivative of l**4/4 + 4*l**3/3 - 3*l + 2. Let y be j(-4). Let z(k) = -4 + 0*k**3 - k**3 + 6 - 3*k**2. What is z(y)?
2
Let p(l) = l**3 - 4*l**2 + l - 1. Let b(r) = -r**2 - 24*r + 30. Let o be b(-25). Determine p(o).
29
Let d(p) = p**3 + 6*p**2 - 6*p - 8. Let g be d(-6). Suppose 4*y + g = 12. Let c(a) = -a**2 - 5*a - 1. What is c(y)?
3
Let l = -5 - -2. Let f be (l/2)/((-3)/2). Let h = -3 + f. Let r(u) = -3*u + 2. Give r(h).
8
Let r(o) be the first derivative of 4*o**2 - 2*o + 29. Determine r(2).
14
Let k(w) be the second derivative of 5/6*w**3 + w + 0 + 3/2*w**2. Suppose -6*u - 10 = -u. What is k(u)?
-7
Let o = -25 + 22. Let b(a) be the third derivative of a**2 - 1/60*a**5 + 0*a + 0 - 1/8*a**4 - 1/2*a**3. Give b(o).
-3
Let a = -3 + 4. Suppose 3*y + 3 = -3*t, 0 = -4*y + 3*t - t + 8. Let g(q) = -y - 5*q**2 + 4*q - 4*q. Determine g(a).
-6
Let s = 0 - 1. Let i(d) = -4*d**3 + 1. Let t be i(s). Let j(r) = r**3 - 5*r**2 - 2*r + 1. Give j(t).
-9
Let x be (5 + -4 + (-1)/2)*-2. Let v(o) = 13*o - 1. Give v(x).
-14
Suppose 7*x - 2*v = 2*x - 20, -28 = 4*x - 4*v. Let p(r) = r**3 + 2*r**2 - r + 1. Calculate p(x).
3
Let s be 6 + -6 + (7 - 3). Let c(m) = m - 9. What is c(s)?
-5
Let y(q) = 3 + 0 - 4 - 3*q. Let m(h) = -h**3 - 7*h**2 - 7*h - 9. Let l be m(-6). What is y(l)?
8
Let l(r) = 9*r**2 - 1. Let j = 5 - 9. Let n = j - -7. Suppose -n = 3*t - 0. Determine l(t).
8
Let r(t) = 7*t - 2*t + 7 - 5*t + 4*t. What is r(-6)?
-17
Suppose -3*q + 2 = -4. Let z = 1 + q. Let v(w) = w + 2 + 0*w - 3 + w**2 - 3*w. Calculate v(z).
2
Let t(g) = -5*g**3 + 10*g**2 + 2*g - 5. Let d(p) = -p**3 + p**2 - 1. Let v(o) = 6*d(o) - t(o). Calculate v(-2).
-5
Let c(t) = -2*t - t**3 + 5*t**2 - 4*t + 2 + 4. Let x be (-3)/(1*(2 + -3)). Suppose -6 = x*o - 18. Give c(o).
-2
Let d be (2/(-2))/(-2 - -1). Let s(y) be the third derivative of 0*y + 1/6*y**3 + 0 + 5/24*y**4 + y**2. What is s(d)?
6
Let p(a) = 2*a**2 + a. Let s be p(-1). Let h be ((-1)/2*0)/(-1). Let t(i) = i + 2*i + h*i - s. Give t(2).
5
Let g(b) = 5*b. Suppose -5*d - 20 = -d. Determine g(d).
-25
Let v(k) be the third derivative of -k**6/120 - k**5/30 + 8*k**2. Calculate v(-2).
0
Let t(z) be the third derivative of -z**6/120 + z**5/10 + 5*z**4/24 + 3*z**3/2 + 4*z**2. What is t(7)?
-5
Let v be 7 + -3 - (0 - -1). Let p(s) = -s + 1. Give p(v).
-2
Let v(g) = 3*g + 3. Let u be v(-2). Let b be 2/(-4)*(-3 - 1). Let c(n) = -3 + 6*n**b - n**2 + 3*n + n**3 - 1. What is c(u)?
5
Suppose -3*f = -5*m + 14 + 7, -3*f = -9. Let h be 4/(-6) - (-16)/m. Let r(j) = -3*j**2 + 2*j**2 + 4*j**2 - 3*j - 2*j**3 + 3. Determine r(h).
-7
Let y(f) = -3*f - 1. Let q be ((-26)/39)/((-2)/3). What is y(q)?
-4
Let p(z) be the third derivative of z**4/6 - 5*z**3/6 - 3*z**2. Let t be p(4). Let o(w) = t - 11 - w**2 - w**3. Calculate o(-1).
0
Let n(m) be the first derivative of 3*m**2/2 - 2*m - 53. Calculate n(5).
13
Let j(q) = 2*q - 2. Suppose -1 = 3*t + 2. Let m = 1 - t. Determine j(m).
2
Let r(k) = -4*k**3 - k**2 + k - 1. Suppose -j + 1 - 5 = 4*a, 5*j - 2*a = 2. Let z(l) = 4*l - 5*l + 2*l + 0*l + 1. Let c be z(j). Calculate r(c).
-5
Let h(f) = -3*f + 3*f + 3 + 2*f + 9. Let p be h(-8). Let k(w) = -w**3 - 3*w**2 + 2*w - 1. Calculate k(p).
7
Let g(w) be the first derivative of -w**5/60 - w**4/24 - w**3 - 3. Let r(b) be the third derivative of g(b). Calculate r(3).
-7
Let j(f) = -5*f**2 + 5*f + 9. Let h(x) = -x**3 - 4*x**2 + 3. Let n be h(-3). Let t(g) = -9*g**2 + 9*g + 18. Let w(z) = n*t(z) + 11*j(z). Determine w(0).
-9
Let t(o) = 7*o**2 - 6*o + 1. Let b(s) = 3*s**2 - 3*s. Let z(g) = -5*b(g) + 2*t(g). Let r = -28 + 20. Let y be (-5)/(5/r) + -3. What is z(y)?
-8
Let p(s) = -s**3 + 3*s + 4. Let t be 3/5 - (44/(-10) - -2). Calculate p(t).
-14
Let w(k) = 6*k**3 + 4*k**2 - 5*k - 4. Let a(z) = -6*z**3 - 4*z**2 + 4*z + z - z**3 + 4. Let y(g) = -5*a(g) - 6*w(g). Determine y(-5).
4
Let k(y) be the first derivative of -y**4/4 - 5*y**3/3 - y - 2. Give k(-5).
-1
Let g(f) be the second derivative of 5*f**3/6 + 3*f**2/2 + 2*f. Calculate g(-2).
-7
Suppose 0 = i + i - 4. Let n(g) be the first derivative of -3 - 1/2*g**i + g. What is n(-5)?
6
Let x(s) = -s**2 + 4*s + 1. Suppose 0 = u - 1 + 8. Suppose -r + 40 = -5*r. Let p = u - r. Determine x(p).
4
Let q(j) be the third derivative of 5*j**4/24 - j**3/6 - 6*j**2. Give q(-1).
-6
Let u(h) = h - 2. Let v(o) = -o + 2. Let c be v(-3). Calculate u(c).
3
Let c(g) = 4*g - 1. Let f(h) = -h**2 + 10*h - 12. Let i be f(9). Let u = i - -2. Calculate c(u).
-5
Suppose -5*h + 3 = -2*h. Suppose -b + 0*d + 3 = d, 0 = -3*b - d + 7. Let n(i) = -2*i**2 + b*i + 0 - 1 + h. What is n(2)?
-4
Let k(g) = g**3 + 5*g**2 - 5. Suppose 0 = -5*h - 4*p - 21, -3*p - 25 = 5*h - 3. Give k(h).
-5
Let b = -158 + 149. Let g(i) = -i**2 - 9*i + 8. Determine g(b).
8
Let j(s) be the first derivative of s**4/4 + s**3 + 3*s**2/2 - 5. Suppose 0*k - k - 2 = 0. Determine j(k).
-2
Let i be (3/(-12))/((-7)/(-14))*-2. Let o(l) = -3*l**3 + l**2 - 1. Calculate o(i).
-3
Let o(b) be the second derivative of 3*b**4/4 - b**3/6 - b. Suppose k - s = 6, 5*k - 3*s - s = 34. Let v = 11 - k. Give o(v).
8
Let m = -7 + 11. Let w(t) = t**2 - t - 4. Calculate w(m).
8
Suppose -2*f + 3*f - 4 = 0. Let r(o) = o**3 - 4*o**2 - 3*o - 4. What is r(f)?
-16
Let o(t) be the second derivative of -9*t + 0 - 3/2*t**2 + 1/6*t**3. Give o(3).
0
Let k(m) = 2*m + 4. Let l be (2 + -3)*(-3 + -1) + -8. What is k(l)?
-4
Let z(b) = b**2 + 6*b + 7. Let v be 52/(-10) - (-1)/5. What is z(v)?
2
Let d(j) = j**2 - 7*j. Let x be d(6). Let t(h) = 4 - 9*h + 1 + 11*h. What is t(x)?
-7
Suppose 5*o - 12 = -2*u, 4*u + 29 = 5*o - 7. Let z(h) = h**2 + 3*h + 2. What is z(u)?
6
Let d(o) = o**2 + 5*o - 2. Let j = -92 - -87. What is d(j)?
-2
Suppose -3*q = -2*i + 1, -3*i = 5*q + 29 - 2. Let m(x) = -20 + x**2 + 0*x**2 + 4*x + 16. What is m(i)?
-4
Let v(r) = -r**2 + 4*r + 6. Let b = 0 - -5. What is v(b)?
1
Let m = 10 - 12. Let f(t) = t + 2. What is f(m)?
0
Let g(r) be the third derivative of r**5/60 - r**4/12 - r**2. Suppose -4*f + i = -6 - 13, -3*i - 13 = -f. Suppose m + f*b = -2 - 8, 4*b = 3*m - 18. Give g(m).
0
Let q(n) = 3*n + n**2 - 3*n - 7*n + 3. Let z be q(7). Let f(u) = z - u + 1 - 5. What is f(4)?
-5
Let d(i) = 4*i**2 - 4*i - 6. Let u(f) = 0 + f**2 - 7 + 4*f**2 - 5*f. Let g(l) = -6*d(l) + 5*u(l). What is g(0)?
1
Let o(p) = p**3 - 7*p**2 - 7*p - 3. Let z be o(8). Let x(y) = 3*y - 5. What is x(z)?
10
Let h(i) = 16*i**3 + 2*i - 1. Let c = 65 + -64. Calculate h(c).
17
Let f(j) = -j - 3. Let u be 56/4*3/6. Give f(u).
-10
Let q(d) = -32 + 5*d + 32. Determine q(1).
5
Suppose 4*a + 20 = -a. Let q(y) be the first derivative of y**5/20 + y**4/4 - y**3/3 + y**2 - 4*y - 3. Let f(w) be the first derivative of q(w). What is f(a)?
-6
Let d(w) be the first derivative of 2 - 1/3*w**3 - w + 1/2*w**2. Let b(v) be the first derivative of d(v). Determine b(2).
-3
Let y(s) = 8 - 8 + 4*s + 0*s. Suppose h + 17 = 4*w, -4*h + 1 = 2*w - 3. Give y(h).
-4
Let c(q) = q**3 + 6*q**2 - q - 7. Suppose p = -2*d - 3*d + 110, -d - 5*p = -22. Suppose 2*a - 5*h + d = 0, 3*a = h + 2*h - 24. Calculate c(a).
-1
Let p(z) = z**3 + 6*z**2 + 3*z - 7. Suppose -3*k + k = -3*a - 56, 5*k - 2*a - 129 = 0. Suppose l = -4*l - k. Calculate p(l).
3
Let k(j) be the second derivative of j**3/3 + 3*j**2/2 + 6*j. Let u(a) = -a**3 + 7*a**2 - 2*a + 9. Let r be u(7). Calculate k(r).
-7
Let w(q